08.
81
What is the highest common factor of 33020 and 37726?
26
What is the highest common divisor of 30483 and 130260633?
3387
Calculate the greatest common divisor of 4170324 and 840724.
8324
What is the greatest common factor of 65888 and 2272000?
2272
Calculate the greatest common factor of 1239 and 1182951.
21
What is the highest common divisor of 27081376 and 2688?
224
Calculate the highest common divisor of 14258323 and 61.
61
Calculate the highest common divisor of 108 and 52850160.
36
What is the highest common factor of 268464 and 1316?
1316
What is the highest common divisor of 144 and 4573323?
9
What is the highest common divisor of 3530 and 145687336?
706
Calculate the greatest common factor of 25112 and 1616585.
3139
What is the greatest common factor of 35653313 and 1886?
41
Calculate the greatest common factor of 33351224 and 24575.
983
What is the highest common factor of 1264824 and 1584?
792
Calculate the greatest common factor of 175 and 73582600.
175
What is the highest common factor of 4323253 and 5423?
187
Calculate the highest common divisor of 76 and 30024769.
19
Calculate the highest common factor of 300120 and 78105.
615
Calculate the greatest common divisor of 8740 and 196536.
76
What is the greatest common divisor of 185225 and 38126475?
5975
What is the greatest common factor of 420 and 23034300?
60
Calculate the greatest common factor of 31147557 and 55790.
5579
Calculate the greatest common factor of 202005 and 13955765.
335
Calculate the highest common factor of 34804 and 2631244.
308
What is the greatest common divisor of 359240 and 368?
8
Calculate the highest common factor of 110670 and 10444210.
2170
Calculate the highest common factor of 19828099 and 142.
71
Calculate the greatest common factor of 5852 and 85964417.
1463
What is the greatest common divisor of 142520 and 182840?
280
Calculate the greatest common factor of 158591253 and 1713.
1713
Calculate the greatest common divisor of 305052 and 20856.
132
Calculate the greatest common factor of 114985 and 3500851.
1769
What is the highest common factor of 3421008 and 2448?
144
Calculate the highest common factor of 104 and 52992875.
13
What is the highest common factor of 39 and 3670654?
13
What is the highest common divisor of 19923 and 4872?
87
Calculate the greatest common divisor of 20413 and 105353.
137
What is the highest common divisor of 39170 and 640?
10
Calculate the highest common divisor of 415360 and 307360.
160
What is the greatest common factor of 21248680 and 80?
40
Calculate the highest common factor of 1578 and 27042.
6
What is the highest common divisor of 29435481 and 2673?
81
What is the highest common factor of 21812 and 180082?
266
Calculate the highest common divisor of 8649180 and 90.
90
Calculate the greatest common factor of 38 and 1637051210.
38
What is the highest common factor of 6811 and 178164?
49
Calculate the greatest common divisor of 315 and 995001.
21
What is the highest common divisor of 1425 and 1938513?
57
What is the greatest common divisor of 6441840 and 18240?
240
What is the highest common divisor of 4268 and 329649650?
2134
What is the highest common factor of 38 and 465594?
2
What is the highest common factor of 28462428 and 6568?
3284
What is the highest common divisor of 6681051 and 9945?
1989
Calculate the highest common factor of 10518379 and 226.
113
What is the greatest common factor of 108422 and 3381?
23
Calculate the greatest common divisor of 48 and 314873616.
48
What is the greatest common divisor of 306 and 176169402?
306
Calculate the greatest common factor of 1664 and 7097870.
26
Calculate the greatest common factor of 403 and 347603.
31
Calculate the highest common divisor of 4380 and 190820.
20
Calculate the highest common factor of 2796 and 2019.
3
What is the greatest common divisor of 23504 and 403?
13
What is the highest common factor of 2538 and 456934?
94
Calculate the highest common factor of 2728532 and 357284.
1996
What is the highest common divisor of 344 and 5793734?
86
What is the highest common factor of 333576 and 825804?
4068
Calculate the highest common factor of 3841978 and 232.
58
What is the highest common divisor of 177674910 and 30?
30
What is the highest common divisor of 10123461 and 3159?
81
Calculate the highest common divisor of 313000 and 255408.
2504
Calculate the highest common factor of 69 and 239092567.
23
What is the greatest common divisor of 11582171 and 301111?
4241
What is the greatest common factor of 11937234 and 1416?
354
Calculate the greatest common factor of 84019320 and 1210.
110
Calculate the highest common factor of 106016576 and 2868.
956
Calculate the greatest common divisor of 91 and 1691270.
7
Calculate the highest common factor of 4632082 and 589.
31
What is the highest common factor of 21204 and 1328412?
372
Calculate the highest common divisor of 25686216 and 1800.
72
What is the highest common factor of 266 and 84260174?
38
What is the highest common factor of 428 and 10709630?
214
Calculate the highest common factor of 267 and 1245.
3
What is the greatest common factor of 52 and 15004210?
26
What is the greatest common divisor of 10577727 and 14676?
3669
What is the highest common divisor of 35742226 and 294034?
6838
Calculate the highest common divisor of 495 and 7079595.
15
What is the greatest common factor of 13299 and 1144923?
1209
Calculate the greatest common factor of 5286 and 218806922.
1762
Calculate the highest common divisor of 11959 and 3432.
1
What is the greatest common divisor of 243326 and 593363?
89
Calculate the greatest common divisor of 978822 and 448474.
1222
Calculate the greatest common divisor of 1556 and 57784394.
778
Calculate the highest common factor of 87 and 19362517.
29
What is the greatest common divisor of 3373099 and 61127?
5557
Calculate the highest common factor of 225 and 4539450.
75
What is the greatest common factor of 15792191 and 3?
1
What is the greatest common divisor of 47555065 and 545?
545
Calculate the greatest common divisor of 9691 and 15092.
11
What is the highest common divisor of 8280 and 539160?
120
Calculate the greatest common factor of 507999 and 34743.
939
What is the highest common divisor of 105 and 300198465?
105
Calculate the greatest common factor of 350 and 2052386.
14
Calculate the highest common divisor of 119563366 and 13.
13
What is the greatest common factor of 47611 and 5065?
1013
Calculate the highest common divisor of 36772800 and 4200.
600
What is the greatest common divisor of 42476004 and 180?
36
Calculate the greatest common divisor of 19546 and 1431817.
29
Calculate the greatest common factor of 10985520 and 115690.
5030
Calculate the greatest common divisor of 49491 and 729.
81
Calculate the highest common factor of 204695 and 80.
5
Calculate the highest common divisor of 464704 and 6413.
53
What is the highest common divisor of 42906 and 2634?
6
Calculate the highest common factor of 32807437 and 6305.
1261
What is the greatest common divisor of 853112 and 150809?
631
What is the highest common divisor of 2570 and 22051885?
1285
Calculate the highest common divisor of 246162202 and 1724.
862
Calculate the greatest common factor of 8176 and 381080.
56
What is the greatest common divisor of 16099905 and 606?
303
What is the highest common divisor of 124205341 and 71?
71
Calculate the greatest common factor of 10535 and 1096543.
301
What is the highest common divisor of 8575 and 1209761?
343
Calculate the highest common factor of 53360224 and 32.
32
Calculate the highest common divisor of 18928239 and 2013.
2013
What is the greatest common divisor of 682 and 590986?
22
What is the greatest common factor of 5 and 3537190?
5
What is the highest common factor of 165747065 and 915?
305
What is the highest common factor of 1209 and 483184?
13
What is the greatest common factor of 6448 and 84632?
8
What is the highest common divisor of 2286 and 9072?
18
What is the highest common divisor of 1634 and 10549190?
86
Calculate the highest common factor of 28 and 12355714.
14
What is the greatest common factor of 9287683 and 87280?
1091
What is the greatest common factor of 2285307 and 19239?
159
What is the greatest common divisor of 416 and 62804768?
416
What is the high